i - 2 + 4*i + 5 - 1. Let z(o) = 3*o + 5. Let u(c) = 15*h(c) - 6*z(c). Let p(f) = 13*f. Let j(n) = 2*p(n) + 9*u(n). Calculate j(2).
-2
Suppose 2*s + s = 12. Let g(j) = -j**3 + j**2 + j. Let w(b) = 4*b**3 - 8*b**2 + b + 1. Let a(u) = -3*g(u) - w(u). Determine a(s).
-1
Let c(y) = -y - 2. Let t be c(2). Let a(o) = 2 + 1537*o - o**2 + 0*o**2 - 1542*o. Give a(t).
6
Let n(r) = -r - 2. Let t(b) = -b**2 + 8*b - 15. Let u be t(3). Give n(u).
-2
Let w(k) be the third derivative of k**4/12 + k**3/2 - 11*k**2. What is w(-4)?
-5
Let p(c) be the second derivative of 0 - 1/6*c**3 + c**2 - c. Let m be 3/(4 - (-2 - -5)). Give p(m).
-1
Let t(p) be the first derivative of p**2/2 - p + 4. Give t(4).
3
Suppose 36 = 2*q + q. Let l be (-1)/4 - (-87)/q. Let p(x) = -4*x + l*x**2 + 2 - 6*x**2 + x - 2*x. Calculate p(5).
2
Let q(b) = -b**2 + 1. Let m(l) = 5*l**2 - 4*l - 5. Let z(p) = m(p) + 6*q(p). Calculate z(-3).
4
Let c = -9 + 12. Let x(f) = -2*f**2 + f. Let s(l) = -l**2 + 1. Let i(b) = s(b) - x(b). What is i(c)?
7
Let n be -2 + (-2)/((-4)/10). Let w(d) = -2 - d + n + 3. Let u(a) = a**2 - 10*a - 8. Let y be u(11). Give w(y).
1
Let q = 7 + 14. Suppose q = 4*d + u, 0 = 2*u - u - 1. Let o(g) = -g**2 + 6*g + 1. Determine o(d).
6
Let s = 13 + -13. Let u(z) = -z**2 + z + 1. Give u(s).
1
Let c be ((-2 - 0) + 1)*-5. Suppose -c*m + m = -16. Let a be 14/(-7)*(-2)/m. Let w(h) = -7*h**3 + 2*h - 1. Determine w(a).
-6
Let x(s) = 4*s**3 + 4*s**2 + 5*s + 2. Let g(j) = 3*j**3 + 3*j**2 + 4*j + 1. Let l(r) = 5*g(r) - 4*x(r). Determine l(0).
-3
Let n(b) = b**3 - 10*b**2 - 10*b - 14. Let k = 26 + -15. What is n(k)?
-3
Let o(g) = g - 2. Suppose 11 = -n + 9. Calculate o(n).
-4
Let c be (6/(-4))/(-3)*8. Suppose -4 - 8 = -c*f. Suppose 6 = -k + f*k. Let y(s) = -s. Calculate y(k).
-3
Let p(j) be the first derivative of j**4/4 + 7*j**3/3 - 7*j**2/2 + 4*j - 15. What is p(-8)?
-4
Let a(m) = m**2 - 7*m. Let h be a(6). Let s(l) = l**2 + 5*l - 1. Give s(h).
5
Let q(g) = -2*g + 8. Let u(y) = 5*y - 16. Let i(r) = -7*q(r) - 3*u(r). Calculate i(-6).
-2
Let a(k) = 4*k + 7*k**2 - 2 + 2*k - 2*k**3 + 3*k**3. Let z be (3/6)/(((-21)/36)/7). Calculate a(z).
-2
Suppose h = -h. Suppose -2 = -n - h. Let y be 4/3*(-3)/n. Let f(j) = -3*j**2 + 2. What is f(y)?
-10
Suppose -5*w + 3 + 2 = 0. Let q be (-2)/(-4)*(w - 1). Let r(b) = b - 2 + 0 + 5 - 2*b. Calculate r(q).
3
Let g(t) be the second derivative of t**7/840 + t**6/72 + t**5/120 + t**4/12 - t**3/3 + 3*t. Let p(x) be the second derivative of g(x). Give p(-5).
-3
Let i(o) be the first derivative of o**4/4 + 2*o**3 + o**2/2 + 5. Calculate i(-6).
-6
Let o(r) = -r**2 + 0*r - 2*r**2 + 2*r**2 + 4*r - 3 + r**3. Calculate o(2).
9
Let i(l) = -7*l**3 - 2*l**2 - 2*l - 1. Suppose -3*w + 4 = -11. Suppose -w*a - 5 = -0*a. Let v be i(a). Let n(y) = 2*y - 9. What is n(v)?
3
Let k = -42 + 43. Let a(d) = 8*d**3 - d**2 - d + 1. Determine a(k).
7
Let h(u) = -u + 1. Let q be -12*(-1)/(1 + -1 + 2). Calculate h(q).
-5
Let v(k) = -k**2 + 9*k + 3. Suppose 0 = 4*t - 2*l - 40, 0*l + 2*l = 2*t - 24. Calculate v(t).
11
Let q = 2 - -1. Let b(t) = q + 1 + t - 3. Let y be b(2). Let h(p) = p**2 - 4*p + 3. Give h(y).
0
Let i(m) be the first derivative of -3*m**2/2 + 6. Give i(6).
-18
Let f(d) = -d**2 - 5*d - 5. Suppose -5*m = -c + 21, -4*m - 21 = -2*c - 3. Let h be f(m). Let p(g) = 2*g**3 - 3*g**2 - 1 - 3*g**3 + 4*g**2. Give p(h).
1
Let b(d) = -3*d - 15. Let o(m) = 2*m + 10. Let f(k) = 5*b(k) + 8*o(k). Calculate f(-6).
-1
Suppose 3*q = -w - 19 - 16, -2*q - 18 = 2*w. Let c = q - -10. Let b(v) = v + 1. Calculate b(c).
-2
Let o(t) = -t**3 + 5*t**2 + t - 4. Let q(f) = -3*f**2 + 2*f**2 - f**2 - 3*f + f**2. Let v be q(-2). Suppose 4*g = y - 0*g - 5, -4*g + 10 = v*y. What is o(y)?
1
Let s(z) = z**2 - 5*z + 6. Let m = -21 + 6. Let i = -10 - m. Give s(i).
6
Let r(g) = g**3 - 3*g**2 - 2. Let d be ((-4)/3)/((-12)/18). Give r(d).
-6
Let m be 20/14*(-7)/(-2). Let h(a) = -a**2 + 2*a - 2. Determine h(m).
-17
Let w(i) = i**3 - i**2 - i. Let r be 1/(-2)*(-1 + -1). Let p = 2 - 1. Let k be (p/r)/((-2)/4). What is w(k)?
-10
Let q = -14 + 11. Let v(h) = -h**3 - 3*h**2 - h + 3. Determine v(q).
6
Let q(b) be the first derivative of -b**2/2 + 3*b + 4. Calculate q(4).
-1
Suppose 0 = 3*i - 4*h - 9, -3*i + h = -4*i + 3. Let c(p) = -1 + p**i + 2 + 7. Determine c(0).
8
Let t(k) = k + 8. Let n(s) = 2*s - 18. Let z be n(13). Give t(z).
16
Let y = 13 + -8. Let j(d) be the first derivative of -1 - y*d - 1/2*d**2. Calculate j(4).
-9
Let p(u) = -2*u - 2. Let l be p(0). Let q(y) = 2*y**2 + y - 2. Determine q(l).
4
Let w(f) be the first derivative of -3*f**2 - f + 5. Determine w(-1).
5
Let z(d) be the first derivative of -5*d**2/2 + d + 2. Let v(q) = q**2 - 4*q + 2. Let i = 8 - 4. Let r be v(i). Calculate z(r).
-9
Suppose 1 - 2 = -f. Let a = f - 1. Let i(d) = d**2 + 2 - d**3 - 4*d**2 + a*d**2 + 6*d. What is i(-4)?
-6
Suppose 3*n - r - 10 = 0, n + 2*r = 3*r + 2. Let k(j) be the first derivative of j**2 - j + 2. Determine k(n).
7
Let b(l) be the first derivative of -l**3/3 - 2*l**2 + 2*l + 1. Suppose -n + 3*i = -i - 14, 2*i = 3*n - 42. Suppose -2*h - n + 6 = 0. Give b(h).
2
Let y = 0 + 3. Let z(i) = -5*i - 2*i**2 - 2*i**2 + y*i**2 + i. Calculate z(-6).
-12
Let v(u) = u**2 - 4*u + 4. Suppose -4*j + 3*h + 15 = -0*h, -5*h = 5*j + 25. Suppose 0 = 4*o - j - 12. Give v(o).
1
Let k(c) = -2*c - 2. Let n = 27 + -30. Give k(n).
4
Let k(l) be the second derivative of -l**7/840 + l**6/90 - l**5/40 + l**4/24 - l**3/6 - 2*l. Let v(m) be the second derivative of k(m). What is v(3)?
1
Let q(j) = j**3 + 6*j**2 - 5*j - 5. Suppose 4*v - 9 + 0 = 3*r, -3*v = -4*r - 19. Give q(r).
-19
Let y(l) = l + 1. Let m be (-20)/(-6)*(-15)/(-10). What is y(m)?
6
Let p be ((-6)/2)/(27/(-18)). Let t(r) = 4*r**p + 1 - 2*r**3 - 3 - r - r. Give t(2).
-6
Let i(n) = 2*n + 8. Let w be ((-3)/2)/(3/4). Let c = -16 - -12. Let m = w + c. Give i(m).
-4
Let h = 16 + -9. Let l(u) = u**3 - 8*u**2 + 7*u + 4. Give l(h).
4
Let j(i) = i + 3. Let g(f) = f**2 - 5*f. Let u be g(4). Let d be u/(-6) + (-50)/(-15). Suppose -d*z = 4 - 24. Give j(z).
8
Let g(p) = -p**2 - 4*p. Let n be g(-4). Suppose n = 6*z - 2*z. Let i(s) = 1 - s + z + 2 + 0*s. Determine i(3).
0
Let z(b) = 5*b - 3. Let u be -1 + 6 + -1 + 2. Suppose -14 = -4*f - u. What is z(f)?
7
Suppose -g + 21 = -5*t + 4, g = 4*t + 14. Let n(m) = m - m**3 + 3*m**3 + g + 0*m**3 - 3*m**2 - m**3. What is n(3)?
5
Let i(j) = -j**3 - 2*j**2 + 4*j - 3. Suppose -5*a = 2*y + y + 17, -4*y + 3*a = 13. Determine i(y).
13
Let u(i) = i**3 + 4*i**2 - i + 2. Let v be u(-4). Suppose -v = -4*c + c. Let t(o) = c*o - o + 0*o + 4. Give t(0).
4
Suppose -5*b - 1 = -21. Let w(f) = -4*f**2 - 6*f. Let l(j) = -3*j**2 - 6*j + 1. Let v(k) = b*w(k) - 5*l(k). Suppose 5*r - 21 - 4 = 0. Determine v(r).
0
Let f = -23 + 41. Suppose 3*q + 9 = f. Let y(l) = -l**2 + 2. Give y(q).
-7
Let l be 0/6 + -1 + 4. Let g(j) = j**3 - 4*j**2 + 2*j. Give g(l).
-3
Let k(p) = 7*p - 11. Let n(c) = -4*c + 6. Suppose 4*l - 8 = -4*z + 7*l, 5*z = l + 21. Let o(r) = z*n(r) + 3*k(r). Let g be 0 - 2 - (0 - -3). What is o(g)?
-8
Suppose -4*v + i = -19, 0 = -4*v + 3*i + 28 - 3. Let y(x) be the second derivative of x**4/12 - 7*x**3/6 - 3*x**2/2 + 18*x - 1. Determine y(v).
-15
Let n(y) = y + 1 + 0 - 2. Let m(u) = -11 + 8 + 2 + 7 - 4*u. Let f(t) = -2*m(t) - 11*n(t). Calculate f(-4).
11
Let m = 8 - 8. Suppose -r + 2*r = m. Let c(s) = -3*s**3 - 11*s + 1. Let p(v) = 2*v**3 + 7*v - 1. Let i(d) = -5*c(d) - 8*p(d). What is i(r)?
3
Let b = -8 + 4. Let u(l) = 8*l**2 + 3*l - 7*l**2 + l + 3. What is u(b)?
3
Let z be -2*(1 + -3 - -4). Let s(u) = -2*u - 6. Let r(n) = -2*n - 5. Let o = -14 + 11. Let x(m) = o*s(m) + 4*r(m). Determine x(z).
6
Let b(q) = q**2 + 5*q. Let d(p) = -2*p + 16. Let r(s) = -2*s - 5. Let x be r(-8). Let y be d(x). Determine b(y).
6
Let o(z) = -z + 3. Let a(k) = k**2 - 7*k. Let y be a(7). What is o(y)?
3
Let f(d) = 5*d**2. Let a be f(-1). Suppose -3*l + 1 = -a. Let j be (-1 - 1) + (l - 5). Let u(z) = z**3 + 6*z**2 + 5*z + 1. What is u(j)?
1
Let i = 733 - 736. Let l(j) = 2*j - 2 + 0 - 8*j - j**2. What is l(i)?
7
Let m = -162 - -159. Let o(z) = z - 2*z**3 - 3*z**2 + z**3 + 1 - 2*z. Calculate o(m).
4
Let k be (-5 - (-4)/(-1))*(-1)/(-3). Let q(n) = 5*n**2 + 5*n + 3. Let z(h) = 4*h**2 + 4*h + 3. Let f(